0, -4*k + 406 = 2*a. What is the greatest common factor of a and 92?
23
Suppose 2*n - 120 = -2*x - 0*n, 5*x + 2*n - 309 = 0. What is the greatest common factor of x and 105?
21
Let c = -733 + 945. What is the highest common factor of 159 and c?
53
Suppose 5*d = 5*o + 390, 1 = d - 3*o - 73. Suppose 81 = 4*n + 5*y - 24, -2*n - 5*y + 65 = 0. What is the highest common divisor of d and n?
20
Let f = 28 + -20. Let w(k) = 2*k**2 + 3*k - 1. Suppose 7*j + 24 = -j. Let r be w(j). What is the greatest common factor of r and f?
8
Let o = 174 - 163. Calculate the greatest common divisor of 176 and o.
11
Let d = -149 - -150. What is the highest common divisor of d and 37?
1
Suppose -4*i + 92 = 2*g + 18, 2*g + 5*i - 69 = 0. Let r = 23 + g. Let f be 20/(-3)*(-6)/4. What is the greatest common divisor of f and r?
10
Let x(o) = 223*o - 1. Let d be x(1). Calculate the highest common divisor of d and 296.
74
Let i(y) = -y**2 - 6*y - 5. Let q be i(-3). Let p be (-3 - (q - 18)) + 0. Suppose 29 + p = 5*v. Calculate the greatest common divisor of 72 and v.
8
Let g = 2 + 13. Suppose 13 + g = 7*m. Calculate the highest common factor of m and 1.
1
Let p(b) be the first derivative of b**4/4 + 135*b + 2. Suppose 0*a - 4*a = 0. Let r be p(a). What is the highest common divisor of 54 and r?
27
Let y = 15 - 14. Suppose -3*g + 3 = -2*b + 5, 3*b - y = 4*g. Let q be (b/10)/((-2)/56). What is the greatest common factor of q and 112?
14
Suppose -3*c + 35 - 2 = 0. Let p = c + 22. Calculate the highest common divisor of 3 and p.
3
Suppose 4*w - 1351 + 1167 = 0. Calculate the highest common divisor of 782 and w.
46
Let w(l) = 14*l**2 - 5*l + 45. Let h be w(5). Calculate the highest common divisor of 37 and h.
37
Let x be -2*(-2 + 0/(-2)). Suppose 0 = -28*z + 22*z + 606. Suppose -x*g + z = -187. What is the greatest common factor of g and 9?
9
Suppose -77 = -9*c + 13. What is the highest common divisor of c and 80?
10
Let v = 526 - 480. Suppose -5*x + 1 = -14, 112 = -4*y + 4*x. Let j = y + v. What is the highest common divisor of j and 84?
21
Suppose g = f + 7, -13*f - 40 = -4*g - 12*f. Calculate the highest common divisor of 8 and g.
1
Let n be (-1*12/(-2))/((-48)/(-192)). Calculate the highest common divisor of n and 4.
4
Suppose -27*z + 62200 = 19972. What is the highest common factor of z and 17?
17
Suppose -92*t + 94*t = -4*q + 116, -314 = -5*t + 2*q. Calculate the greatest common divisor of 248 and t.
62
Let x(u) = -3*u + 79. Let i be x(23). What is the greatest common factor of i and 240?
10
Suppose -4*y = 5*y - 639. Calculate the greatest common factor of y and 355.
71
Suppose 4*h - 8 - 28 = 0. Let x = -16 - -29. Suppose -4 + x = q. Calculate the greatest common factor of h and q.
9
Let w(x) = -x**2 + 12*x + 16. Let v be w(13). Suppose p + 36 = -v*p. Let t = p + 17. What is the highest common divisor of 8 and t?
8
Suppose 836 = 13*o - 100. Calculate the highest common divisor of 9 and o.
9
Let m = -3 - -3. Suppose m*q = 3*q - 21. Suppose 5*b + 100 = q*b. What is the highest common divisor of b and 10?
10
Let l(g) = 3*g**2 + 14*g + 8. Let u be l(-14). Calculate the highest common divisor of 16 and u.
16
Let m be (-645)/(-9) - 5/(-15). Calculate the greatest common factor of 9 and m.
9
Let p(b) = -3*b - 4. Let j(s) = -s**2 - 3*s + 2. Let f be j(-4). Let d be p(f). Let v be (35/28)/(d/40). Calculate the greatest common factor of v and 200.
25
Let g be 2/(-6)*0*1. Suppose q - 6 = -g. Suppose -3*f + 5*m = -13, 2*f - 15 = -5*m + 2*m. What is the highest common divisor of q and f?
6
Let r(v) = v**3 + 16*v**2 + 52*v + 9. Let l be r(-6). Calculate the highest common divisor of l and 513.
57
Let l = 33 + -29. Let k(d) = d**3 - 2*d**2 - 4*d - 3. Let w be k(l). Let o be ((-28)/(-6))/(2/39). Calculate the highest common divisor of o and w.
13
Let h = 742 - 734. What is the greatest common factor of 64 and h?
8
Suppose -3*c = -2*n + 19, 13 = 4*n - 0*c - c. Suppose -6*z + 92 = -n*z. What is the highest common factor of 23 and z?
23
Let g(a) = 7*a - 10. Let w be g(-13). Let r = 109 + w. What is the highest common divisor of 64 and r?
8
Suppose -5*v + 110 + 35 = 0. Calculate the highest common divisor of 1189 and v.
29
Suppose 7*z = 2*z + 195. Suppose 37*t + 10 = z*t. What is the highest common divisor of t and 65?
5
Suppose -35 = -3*v - 14. Suppose -v = c - 17. Calculate the highest common divisor of 50 and c.
10
Suppose 28 - 508 = -6*v. What is the greatest common divisor of 32 and v?
16
Let n be (6/9)/(19/18468). Calculate the highest common divisor of n and 144.
72
Suppose 3617 = 3*d + 2*p, -6070 = -5*d - 5*p + 10*p. What is the highest common factor of 13 and d?
13
Let q = 33 - -27. What is the highest common factor of 150 and q?
30
Let t be ((-120)/18)/(1/(-3)). Suppose 5*i - 3*a = -0*i + t, 3*a + 11 = -4*i. Suppose -l = -27 + i. Calculate the highest common divisor of l and 65.
13
Let h(k) = -k + 9. Let t(q) = -q**2 + 6*q - 1. Let x be t(4). Let r be h(x). Calculate the highest common divisor of r and 2.
2
Suppose -4*y + 146 = -x + 4*x, 4*y = 3*x - 106. Suppose -63*w + 312 = -570. What is the greatest common divisor of x and w?
14
Suppose 4*c - 58 = 102. Suppose 5*l + 120 = 5*g, 44 = g - l + 4*l. Let m = g - 13. Calculate the greatest common factor of m and c.
8
Suppose 2*c - 57 = 1. Let t be 54/4 + (-27)/54. Let p = c - t. Calculate the greatest common divisor of p and 8.
8
Suppose -3 - 7 = -5*s. Suppose 4*d + 0*q + 2 = -s*q, -19 = 2*d - 5*q. Let j be (-3)/d*260/15. Calculate the highest common factor of 13 and j.
13
Let d = 843 + -828. What is the greatest common divisor of d and 15?
15
Let y = 517 + -477. What is the highest common factor of 220 and y?
20
Suppose 5*s - 10*s + 25 = 0. Suppose -4*i + 5*y + 15 = 0, -s*i = y - 22 - 33. What is the greatest common factor of i and 110?
10
Suppose 0 = -4*p - 7*p - 220. Let b be (0 - (3 - 3) - p)*2. What is the greatest common divisor of b and 5?
5
Let z(d) = d**3 - 2*d**2 - 2*d + 7. Let q be z(5). Suppose -3*g - 15 + 0 = 0. Let k be ((-54)/15)/((-1)/g*-2). What is the highest common factor of q and k?
9
Let c be 1634/8 + 8/(-32). Suppose 5*j + 236 = 4*w - c, 2*w + 3*j = 242. What is the greatest common divisor of 23 and w?
23
Let t = -17 + 35. Let c = t + -78. Let z = c + 185. Calculate the highest common factor of 25 and z.
25
Let u be 14/4 - (0 + 3/(-6)). Suppose 4*r - 3*c - 144 = c, -u*r + 168 = 2*c. What is the greatest common factor of r and 16?
8
Suppose -2*v = 4*h - 64, 5 = 2*v - 3*h - 31. What is the highest common divisor of 16 and v?
8
Suppose -38 = 13*o - 181. What is the highest common divisor of 495 and o?
11
Let f = -2994 - -4566. Calculate the highest common factor of f and 12.
12
Let i(h) = -h**2 - 11*h - 9. Let r be i(-7). Let g = -26 - -23. Let k be g/(-6) - (-1512)/16. What is the greatest common factor of k and r?
19
Let f(c) = c + 15. Suppose -6*j - 12 = -4*j. Let u be f(j). What is the highest common factor of 18 and u?
9
Let n(a) = 16*a**2 - 19*a - 61. Let q be n(-5). Calculate the greatest common divisor of 62 and q.
62
Suppose 0 = -64*p - 59*p + 11439. What is the greatest common factor of 1488 and p?
93
Suppose 0 = -0*i + 3*i + 720. Let c = -141 - i. Suppose 3*b + 3*f = 30, -2*b + 11*f - 7*f + 26 = 0. Calculate the greatest common factor of b and c.
11
Let z be (-2)/11 - (-23004)/198. What is the highest common divisor of z and 319?
29
Suppose -181 = -8*g + 179. Let l = -40 + g. Calculate the highest common divisor of l and 15.
5
Let h = 4 + -9. Let a(k) = 6*k + 48 - 2*k - 51 + 6*k**2 + k**3. Let w be a(h). Calculate the highest common divisor of 10 and w.
2
Suppose 0 = -92*i - 60*i + 17784. What is the highest common factor of i and 2925?
117
Let c = -646 - -685. What is the greatest common divisor of c and 52?
13
Suppose q - 4*b - 8 = 0, -2*b - 23 = -q - 5. Calculate the greatest common factor of q and 252.
28
Let v be (-48)/(-27) + -2 - (-152)/36. Suppose -u + 2635 = 4*u - p, v*u - 2107 = p. What is the highest common factor of u and 48?
48
Suppose 235 = -4*j - j. Let z = -37 - j. Calculate the highest common divisor of 130 and z.
10
Let a(t) = -12*t + 37. Let n be a(-9). What is the highest common factor of n and 58?
29
Let p be 1 - 7/(-2 + 1). Let h = p + 10. Suppose 4*n + 29 = 9, 5*f - 465 = 3*n. Calcu